 = 16 + -21. Calculate c(x).
-17
Let g(z) = -z**3 + z**2 + 4*z. Let n(s) = 2*s**3 + 32*s**2 - 2*s - 5. Let a be n(-16). Let c = a - 24. Give g(c).
-6
Let z = -769 + 775. Let n(g) = 0*g**2 + g + 9 + 10 - 27 + z - 4*g**2. Let q(w) = w**2 - 2. Let p be q(2). What is n(p)?
-16
Suppose -4*w + 156 = 4*a, 3*a - 125 = w + 4*w. Let o(k) = -k**3 + 39*k**2 + 39*k + 37. Calculate o(a).
-3
Let l be (-10)/3 + 3/((-36)/(-16)). Let z(p) = -2 + 13*p**3 - 11*p**3 - 3*p + 824*p**2 - 825*p**2. Calculate z(l).
-16
Let q(p) = 3*p + 5. Let b = -23 - -5. Let z(t) = t**2 + 11*t - 32. Let c(m) = m**2 + 10*m - 32. Let j(n) = -5*c(n) + 6*z(n). Let f be j(b). Give q(f).
17
Let t(u) = 31*u + 2. Let w(y) = -14*y - 626. Let o(q) = -2*t(q) - w(q). Determine o(13).
-2
Let f(w) = -w**3 + 7*w**2 - 5*w - 8. Let c = -135 + 68. Let g = 69 + c. Suppose -5*r - 2 = -g*a, -a - 28 = -5*a - 2*r. Give f(a).
-2
Let v(r) = -7*r**2 - 7*r + 3. Let c(k) be the second derivative of k**4/4 + k**3/2 - k**2/2 - 4*k - 7. Let n(y) = -5*c(y) - 2*v(y). Calculate n(-1).
-1
Suppose 4*i + 4 + 16 = 4*f, -5*f - i + 31 = 0. Let g(x) = 365 + 4*x - 361 + x**2 - f*x - 2*x**2. What is g(-4)?
-4
Let j(m) = -10*m + 85. Let a be j(9). Suppose 0 = -5*y + 10 - 0. Let l(f) = -8*f - 4*f**y - 2*f**2 - 5*f**3 + 3*f**3 - 6 + f**3. What is l(a)?
9
Suppose -2 = -3*b - 2*m, b - 3*m - 25 = -6. Let h(o) = -o**2 + o + 2. Let y(g) = -3*g**2 + 11*g - 1. Let w(v) = b*h(v) - y(v). Calculate w(-9).
-9
Suppose 11000*j - 11013*j + 13 = 0. Let t(b) = b - 2. Give t(j).
-1
Let p(a) be the third derivative of -a**8/20160 + a**7/5040 + a**6/120 + 5*a**5/12 + 5*a**2 - 5*a. Let y(c) be the third derivative of p(c). Give y(0).
6
Let h(x) = x**3 - 5*x**2 - 24*x + 110. Suppose -21*s = -17*s - 2*o - 8, -4*s = -o - 12. What is h(s)?
-2
Let a(v) = -v**3 - 16*v**2 - 20*v - 326. Let s be a(-16). Let g(j) be the third derivative of -j**4/24 - 11*j**3/6 + j**2. Determine g(s).
-5
Let g(z) = 10 + 40*z**2 - 39*z**2 - 6*z - 4. Suppose 1 = -2*j - 2*s + 19, -3*j + 4*s = -6. Determine g(j).
6
Let v = 18 - 16. Let s(d) = 2*d**2 - 3*d - 1. Let h be s(v). Let a(n) = 55*n - 56*n + 0*n**2 + 2*n**2. Determine a(h).
1
Let d(i) = 41*i**3 - 16 - 39*i**3 + 1 - 112*i**2 - 98*i**2 + 227*i**2 - 10*i. Give d(-9).
-6
Suppose 12*n - 14*n - 20 = -4*a, 28 = 5*a - 4*n. Let u(y) = 8*y + 10. What is u(a)?
42
Let g(z) = -18*z - 1. Let h(f) = -10*f + 1. Let a(q) = g(q) - 2*h(q). Give a(9).
15
Let j(d) be the first derivative of 77*d**2/2 + 1008*d + 8480. Give j(-13).
7
Let a(g) = -5*g**3 + 20*g**2 - 13*g - 1. Let f(j) = -22*j**3 + 94*j**2 - 54*j - 6. Let i(c) = -9*a(c) + 2*f(c). Let p be 1/((4/14)/(-2)). Determine i(p).
-17
Let u(h) be the first derivative of -5*h**2/2 - 2*h + 246. Suppose -3*w + 2*b + 2 = 0, 2*b + 20 = 6*b. Suppose -w*d - 3 = -11. Determine u(d).
-12
Suppose 54 = -b + 10*b. Let g(a) = -a**2 + 10*a + 20. Give g(b).
44
Let y = 63 - 126. Let k = y - -66. Suppose w = k*w. Let d(x) = -x - 2. What is d(w)?
-2
Suppose -2*v + 9 = 2*w - 7, -4*v + 23 = w. Let o be -9 + -2*(-6 + w). Let q(l) = -2*l**2 - l + 7. What is q(o)?
-8
Suppose -4 = 2*n - 10. Let p(q) = q - 1275 - q**n + 1254 + 0*q**3. Calculate p(0).
-21
Let u(b) = b**3 + b - 1. Let q(l) = -7*l**3 + l**2 - 6*l + 5. Let d(x) = q(x) + 6*u(x). Let k be 6 - 2/((-6)/(-15)). Calculate d(k).
-1
Let t be 7 - 3 - (70 + -94). Let d(j) = -j**3 + 31*j**2 - 81*j - 79. What is d(t)?
5
Let x(t) = 2*t**2 + 34*t - 12. Let l(r) = -4*r**2 - 87*r + 26. Let b(c) = 2*l(c) + 5*x(c). Calculate b(-6).
88
Let s be (-1 - 1)*27/(-18). Suppose -n = -0*n + s. Let m(j) = -j**2 - 6*j + 1. Let o(z) = 10*z**2 + 62*z - 14. Let b(d) = -11*m(d) - o(d). Determine b(n).
0
Let c = -16 - -29. Let r(d) = -6 + 2*d - c + 2. Let y be r(7). Let o(z) = -z**2 + z - 1. Calculate o(y).
-13
Let k(i) be the first derivative of i**2/2 + i - 8. Let x(w) = 2*w. Let n(o) = -3*k(o) + 2*x(o). Suppose 7*z = z + 18. Calculate n(z).
0
Suppose 10*i = 8*i + 2. Let b(s) = 180*s**2 - 355*s**2 - s**3 - i + s + 174*s**2. Give b(-3).
14
Let t(x) = -16*x - 3. Let j(a) = 19*a + 3. Let z(v) = -5*j(v) - 6*t(v). Let d = -54 + 52. Calculate z(d).
1
Let c(n) be the second derivative of 1/60*n**5 + 1/6*n**4 + 5/6*n**3 + 3/2*n**2 - 16*n + 0. Let u(d) be the first derivative of c(d). What is u(-4)?
5
Let v(j) = -j**2 - 4*j + 8. Let p be (2/4)/(9693/486 - 20). Determine v(p).
-37
Let z(p) = 3*p**3 - 3*p**2 - p + 3. Let h(c) = -c**3 + c**2 - 1. Let o(l) = 4*h(l) + z(l). Let v = -51064 + 51066. Give o(v).
-7
Let l(a) = -a**2 + 12*a + 4. Let o(i) = -15*i + 334. Let q(h) = 7*h - 168. Let r(k) = 6*o(k) + 11*q(k). Let s be r(11). What is l(s)?
-9
Suppose -4*o + 168 + 136 = 0. Let q = 74 - o. Let s be -6 - (q + 2)/4. Let n(c) = -c**2 - 4*c - 4. Determine n(s).
-16
Let j(y) = -25*y**3 - 5*y**2 - 15*y - 1. Let o(i) = 3*i**3 + 3*i. Let v(w) = j(w) + 4*o(w). Determine v(-2).
89
Let k = 96 - 93. Let q(p) = 3 + 13*p**2 - k*p - 12*p**2 + p + 0. Give q(4).
11
Let g(b) be the first derivative of b**3/3 + 5*b**2/2 + 2*b + 60. Let f be (-4)/(-6) - 82/(-3). Suppose 4*u + 3*n + f = 0, -24 = u + 3*u + 2*n. Calculate g(u).
-2
Let r(l) = -l**3 - l**2 + 2. Let u(a) = 3*a**3 + 3*a**2 + 5*a + 3. Let m(c) = 4*r(c) + u(c). Give m(-3).
14
Let z(c) = -c - 9. Suppose 27 = -2*s + 5*f, -f = -3*f + 10. Let v be 1*(s + (-28)/(-12))*-69. Let y be 4/1*115/v. Determine z(y).
-4
Let i(b) be the second derivative of -b**5/20 - b**4/2 - b**3/3 - 5*b**2/2 + 2*b. Let u = -32201 + 32195. Calculate i(u).
7
Let y(w) = -56523 + 49*w + 56519 - 17*w. What is y(2)?
60
Suppose -t + 23 = j - 6*j, -j = -3*t + 13. Let l(i) = -9 + i + 6*i + t*i - 8*i. Let p be 38/6 - 7/21. What is l(p)?
3
Let b = 318 + -316. Suppose -2*v = -5*n, n - 3 - 5 = b*v. Let k(p) = -2*p - 8*p**2 + p**2 + 4*p**2. What is k(n)?
-8
Let a(u) = -20*u - 117. Let g(d) = 37*d + 219. Let q(w) = 13*a(w) + 7*g(w). What is q(-3)?
15
Let d(m) be the third derivative of 19*m**2 + 3 - 1/24*m**4 + 0*m**3 + 0*m. What is d(-1)?
1
Let s(r) = -26*r - 143. Let i = -31824 + 31818. Calculate s(i).
13
Let a(f) = 2 + 14*f**2 - 16*f**2 + 0*f**3 - 2*f**3 + 8*f**3 - 7*f**3. Calculate a(2).
-14
Let r(s) = -3*s**3 + 11*s**2 - 3*s + 6. Let t(i) = -4*i**3 + 12*i**2 - 2*i + 7. Suppose 24*c = 33*c + 45. Let h(n) = c*r(n) + 4*t(n). Give h(-8).
6
Let s(o) = 9 + 0*o + 8 + o + 9 - 25. Let v(y) = 7*y + 5. Let i(k) = 15*s(k) - 3*v(k). What is i(3)?
-18
Let o(a) be the second derivative of -1/60*a**5 + 1/720*a**6 + 0*a**2 + 0*a**3 + a**4 + 0 + 4*a. Let r(u) be the third derivative of o(u). Give r(-2).
-4
Let d(m) = -156 + 158 + 742*m**2 + m**3 - 747*m**2 - 4*m. Determine d(5).
-18
Let q(s) = 9*s**2 - 14*s - 111. Let d(p) = -2*p**2 - 4. Let y(b) = -4*d(b) - q(b). Calculate y(20).
7
Let n(i) = -8*i. Suppose 0 = -t - 2*r - 5, t - r = -3 + 4. Let q be 0 - (1 - t) - (15 - 15). Calculate n(q).
16
Let z = 156712 - 156706. Let y(j) = 11*j - 15. Let n(f) = 6*f - 8. Let p(m) = 7*n(m) - 4*y(m). What is p(z)?
-8
Suppose -a - 5*i = 4, -5*a - 4*i + 16 = -6. Let l(o) = -42 + 22 + 24 + 5*o - a*o. Determine l(-2).
6
Let c be (-8)/(64/(-12))*(-14)/(-3). Suppose c*g = 3*g + 4*n + 32, 3*n = 2*g - 18. Let x(l) = l**2 - 5*l. What is x(g)?
6
Let j(l) = -l**3 + 12*l**2 - 14*l - 10. Suppose 8 = 2*a + 5*u - 2, 5*u + 140 = 13*a. What is j(a)?
50
Let x(m) be the third derivative of 0 + 19/3*m**3 + 19*m**2 + 0*m**4 - 1/360*m**6 + 0*m + 7/120*m**5. Let z(o) be the first derivative of x(o). Give z(6).
6
Let a(r) = r**2 - r. Let n(d) = d**2 - d + 1. Let g(x) = 3*a(x) - 2*n(x). Let j = 28 - 23. Determine g(j).
18
Let b(h) = -h**3 + 5*h**2 - 4*h. Let i(p) be the first derivative of -3*p**2/2 - 46*p + 288. Let l be (34/(-8))/(2/8). Let z be i(l). What is b(z)?
-20
Let f(z) = -4*z + 2. Let p(u) = 3*u**2 - 2*u - 3. Let k(q) = -3*f(q) + p(q). Determine k(1).
4
Let z(a) = 11 + 8*a + 4*a**2 - 28 + 15 + 6. Calculate z(-3).
16
Let v be (18/(-108))/(1/(-12)). Let w be ((-69)/(-46))/((-26)/(-16) - v). Let g(h) = -h**3 - 6*h**2 - 6*h - 5. What is g(w)?
-13
Suppose 0 = -2*y + u + 258, -2*u + 504 = 4*y + 2*u. Let i = -134 + y. Let m(k) = k**3 + 7*k**2 + 7*k + 2. Give m(i).
-4
Let a be (-2632)/(-423) + ((-6)/(-8) - (-35)/(-36)). Let n(y) = y**2 - 6*y + 8. Calculate n(a).
8
Suppose 30*b = 12*b + 3420. Let p(t) = b*t + 165*t - t**3 - 6*t**2 - 8 - 356*t. S